- 10*r**3 + 141*r**2. Let s(v) = -31*v**3 + v**2 - v + 3. Let d(m) = -2*a(m) - 3*s(m). Calculate d(-1).
-30
Let u(z) = -6*z**3 + z. Let j(f) = f + 1. Let c(q) = -2*q + 9. Let d(t) = -2*c(t) - 6*j(t). Let a be d(-6). Let l be 2/a + (-49)/(-42). Determine u(l).
-5
Suppose b - 12 = 5*n, 0 = -3*n + 2*b + 4. Let w(o) = -o**3 - 6*o**2 - 12*o - 2. Give w(n).
14
Let j(w) = 2 - 2*w - 6 + 3*w. Suppose -3*r = -3*f + 12 - 36, -5*r - 3*f = 8. Let n be j(r). Let x(s) = s**3 - s**2 + 2. Determine x(n).
-10
Suppose -235 = 2*l + u, -5*l + u - 933 = -349. Let d = l - -199. Let j(r) = -75 - d + 156 - 2*r. Determine j(-2).
3
Let k(d) be the first derivative of 63*d**2/2 + 195*d - 1553. Calculate k(-3).
6
Let o(h) = -3*h**2 - 47*h + 69. Let m be o(-17). Let i(d) = -5*d**3 - d**2 + 4*d - 4. What is i(m)?
-6
Let n(r) = -r - 2. Let v(u) = u**2 - 7*u - 484. Let l be v(26). Calculate n(l).
-12
Let u = -81 + 83. Suppose -5*x - 10 = 3*v, 25 = -u*v + 6*v - x. Let d(o) = v + 6*o - 6*o - o**3 + 2*o - o. Determine d(0).
5
Let y(f) be the second derivative of 4*f**3 - 25*f**2/2 - 6245*f. Give y(1).
-1
Let m(t) be the second derivative of -t**5/60 + t**4/3 - 3*t**3 - 5*t**2 - 231*t. Let g(f) be the first derivative of m(f). What is g(4)?
-2
Let t(f) = -f**2 - 2*f + 4. Suppose 2*v + 6 = 2*y, 2*v - 34 + 15 = -3*y. Suppose -5*m = v*n + 9, -3*n + 4*n + 2*m = -3. Calculate t(n).
-11
Let x be (17 - 750/45)*15. Let g(v) = -v**2 + 7*v + 9. What is g(x)?
19
Let d(x) be the third derivative of -1/60*x**5 - 3/8*x**4 - 38*x**2 + 0 + 0*x - 2*x**3. What is d(-9)?
-12
Let s(f) = 32*f**2 + 45*f - 156. Let c(u) = 45*u**2 + 68*u - 234. Let i(p) = 5*c(p) - 7*s(p). Calculate i(-26).
-52
Let r(n) be the third derivative of 0*n - 1/8*n**4 - 18*n**2 + 2/3*n**3 + 1/120*n**6 + 0 - 1/30*n**5. Determine r(3).
4
Let g(d) = d**2 - 13*d + 6. Let n be g(13). Let w = -3 + n. Let q(v) = -1 - 3*v**2 + 9*v**2 + w*v - 5*v**2. Calculate q(-5).
9
Let g(n) = 820 + 844 - 1670 - 12*n + 3*n**2 - n**3. Give g(4).
-70
Let b be (-1 + (-186)/15)*(-7 + 2). Suppose p - 23 = a, -3*p + a = -3*a - b. Let u(d) = -2*d + 51. Let j be u(p). Let s(r) = -11*r**2 - r. Determine s(j).
-12
Let m(a) = -3*a**3 - a**2 - a. Let u(k) = -k + 10. Let p be u(10). Suppose p = -2*v + 6*v - 68. Suppose 6 = 11*y + v. Determine m(y).
3
Let a(f) be the first derivative of f**4/6 + f**3/2 - 3*f**2/2 + 42*f - 51. Let q(v) be the first derivative of a(v). Calculate q(3).
24
Let u(j) = 15*j - 587. Let r(o) = 17*o - 480. Let v(g) = 6*r(g) - 5*u(g). Determine v(-3).
-26
Let x(t) = -3*t - 5. Let p be (6 - (-12)/(-16)) + (-2)/8. Suppose o + 4*u - 12 = 0, 0 = -p*o + 4*u - 52 + 16. Give x(o).
7
Let q(w) = -6*w**2 + 55*w + 91. Let i(t) = -35*t**2 + 308*t + 547. Let n(y) = 4*i(y) - 23*q(y). Determine n(-19).
0
Let r(j) = -3*j - 11. Let n be 50/475 - 865/95. Give r(n).
16
Let m(h) = h**2 - 11*h - 1. Let c(n) = 14 + 8*n**2 + n**2 - 23*n - 1 - 6*n**2. Let b be c(7). Let l(d) = -d - 1. Let x(o) = b*m(o) + 5*l(o). What is x(4)?
4
Let l(c) = c**2 - c - 3. Suppose 4*f - 4*j + 4 = 0, 19 = 3*f + 2*f + 3*j. Suppose 2*v - 1 = 3. Let u be v + 0 + (0 - -3 - f). Give l(u).
3
Let f be ((-1)/2)/(2/(-8)). Let w(s) = -1 - 9*s - 3*s**f + 4*s**2 + 11. Let q(a) = 9414*a + 18836. Let j be q(-2). Give w(j).
2
Let z(d) be the first derivative of -d**4/4 + 2*d**3 - 3*d**2/2 - 999. Determine z(6).
-18
Let v(a) = -49*a + 5. Suppose -335*d = -332*d + 4*b - 24, 0 = 4*b - 24. Give v(d).
5
Let b(x) = -16 + 8 + 5 + 2*x. Let g(i) be the third derivative of -i**6/120 + i**5/15 + i**4/8 - 5*i**3/3 - 23*i**2. Let o be g(4). Give b(o).
1
Let o(w) = -w - 15*w**2 + 0 + 16*w**2 - 7. Suppose a = 5*a + 2*g + 20, 0 = 2*a + 3*g + 6. Let s(u) = -u**2 + 7. Let v(p) = a*s(p) - 7*o(p). Determine v(8).
-1
Let x(s) be the second derivative of 1 + 15*s - 1/12*s**4 + 3/2*s**3 - 6*s**2. Determine x(6).
6
Let n(j) be the first derivative of -11*j**2/2 - 61*j + 3. Let a be n(-7). Let t(x) = x**3 - 16*x**2 + x - 19. Give t(a).
-3
Let w(q) = -q**2 - 27*q - 108. Let x be w(-5). Let l(i) = -5*i - i**x + 3*i + 5 - 8*i + 3. What is l(-9)?
17
Let a(x) = x - 3. Suppose 27*z = 14*z + 585. Let g = -48 + z. Give a(g).
-6
Let l(i) be the first derivative of i**3/3 - 2*i**2 - 4*i + 1. Let z be ((-2)/(-16)*-6 + 76/80)/((-56)/(-1400)). Give l(z).
1
Let s(h) = -2 + 4 + 47*h**2 - 4*h + 11*h. Let d(m) = 23*m**2 + 3*m + 1. Let l(u) = -5*d(u) + 2*s(u). Let o be -8 + 1 + (-192)/84 + (-754)/(-91). Give l(o).
-21
Let s be (4/(-22))/((-1)/11). Suppose 0 = s*t + 3*l, -16 = 2*t - 0*l - l. Let x be (t/(-10))/((-10)/(-50)). Let a(p) = 2*p - 2. What is a(x)?
4
Let k(v) = 6*v**2 + 23*v + 5. Let w(m) = -6*m - 1. Let f(u) = 3*k(u) + 11*w(u). Determine f(-2).
70
Let f(b) = 2353*b**3 + 4 + 5*b - 1177*b**3 - 6 - 1175*b**3 - 3*b**2. Calculate f(3).
13
Let t(c) = c**2 + 7*c - 11. Let q(d) = 7*d - 24. Let z be q(4). Suppose -z*g - 55 = -19. Determine t(g).
7
Let g(o) = -o**3 + 11*o**2 - 9*o - 14. Let w = 3 - -21. Let p be (-3*8/w)/(2/(-20)). Calculate g(p).
-4
Let d = 91 - 12. Let b = d - 69. Suppose 5*x + 1 = -2*t - 1, -3*x - 4*t = -b. Let f(l) = 4*l - 2. Determine f(x).
-10
Suppose -x + 5*m = -29, x + 2*x = -m + 7. Suppose 0 = -x*o - o + 35. Suppose 10*g + 24 = o*g. Let d(t) = t**3 + 9*t**2 + 6*t - 4. What is d(g)?
12
Let c(i) = -2*i**3 - 33*i**2 + 34*i - 114. Let r(a) = 3*a**3 + 34*a**2 - 35*a + 132. Let x(h) = 4*c(h) + 3*r(h). Determine x(29).
-2
Suppose 59 = -u - 4. Let h = u + 65. Let l(q) = h*q**2 + 135*q**3 - 145*q**3 + 0*q + q - q**2. Calculate l(-1).
10
Let q be 1/((-1)/(3/1)). Let y(m) = 3 + m**2 + 80053*m - 40026*m - 40023*m. Give y(q).
0
Let u(i) be the first derivative of -i**3/3 + 22*i + 26. Let q be -2 + 3 + 4 + -3. Let n(g) = g**3 - 3*g**2 + 2*g. Let z be n(q). Determine u(z).
22
Let m be ((-636)/(-72) - 8)/(1/6). Suppose 0*c = 5*c + 5*u + m, 4 = u. Let s(y) = 2*y + 5. What is s(c)?
-5
Let r be ((-22)/(-3))/(4/(-6)). Let h(f) = -f + 11. Let z(c) = -2*c + 14. Let d(l) = -3*h(l) + 2*z(l). Give d(r).
6
Let b(h) be the second derivative of h**4/12 + 4*h**3/3 + 3*h**2/2 + 25*h. Let y be 3 + ((-12)/9)/2*-102. Let f = -77 + y. What is b(f)?
-9
Let h(b) = -b**3 - 8*b**2 + 23*b + 23. Let v be (1 - 11 - 0)*(-22 + 23). Let c be h(v). Let i(j) = 7 - j**2 - 3*j - 12*j + 10*j. Determine i(c).
-7
Let b(i) be the third derivative of i**5/30 - 21*i**4/8 - 97*i**3/6 + 2*i**2 - i - 154. Determine b(33).
2
Let a be (17/(-68))/(1/2*(-1)/14). Let m(s) = -s**3 + 9*s**2 - 9*s - 5. What is m(a)?
30
Let u(f) = -f**3 + 7*f**2 - 24*f + 104. Let m be u(6). Let q(r) = 5*r - 7. What is q(m)?
-27
Let a(j) = j - 3. Let o(s) be the first derivative of -s**2 + 5*s - 38. Let v(q) = 5*a(q) + 3*o(q). What is v(-5)?
5
Let v(s) = s**3 - 10*s**2 - 10*s - 8. Let t be v(11). Let f(n) = -t - 8 + 10 - 1 + 4*n. What is f(1)?
2
Let b(j) = -j**3 - 17*j**2 - 39*j + 1. Suppose 497*u - 831 = -1160 - 1162. What is b(u)?
-8
Let b = 6545 - 6554. Let c(v) = v**2 + 22*v + 123. What is c(b)?
6
Let b(f) = 1 - 6*f**2 - 4*f**2 + 3*f**2. Suppose -5*l + 1036 = 2*x + 132, 0 = -l + 5*x + 170. Let c = -179 + l. Determine b(c).
-6
Let a(d) be the third derivative of -d**6/120 - d**5/60 + 4*d**3/3 + d**2 - 28. Let q = 13 - 13. Give a(q).
8
Suppose -305*k + 9 = -2*u - 304*k, 0 = -4*k + 12. Suppose 9 = h - y + 3*y, h - 21 = -5*y. Let r(g) = h + 0 + 2 + 4*g. Determine r(u).
-9
Let i(z) = 2*z - 16. Let c be (-5 - (-33)/6)/(1/12). Let d be (105/c + -1)*(-40)/(-60). Give i(d).
6
Let a(j) = -3*j**3 + 59*j**2 + 47*j + 71. Let o(d) = d**3 - 20*d**2 - 16*d - 24. Let q(z) = 6*a(z) + 17*o(z). What is q(15)?
-57
Let s(g) = -3*g**2 + 5*g - 1. Let z be (18 - 0) + 6 + -14. Suppose -2*n = -4*o - 4*n + 16, 0 = 3*o - 4*n + z. What is s(o)?
-3
Let o(x) = -11*x**3 + 98*x**2 + 268*x - 275. Let a(w) = -w**3 + 8*w**2 + 22*w - 23. Let p(c) = -25*a(c) + 2*o(c). Determine p(2).
5
Let z(h) = 238*h - h**2 - 82*h - 80*h - 78*h + 22. What is z(-6)?
-2
Let a(o) = -589*o + 586*o + 20 + 21 + 11. Calculate a(14).
10
Let f(w) = w**2 - 4*w - 2. Let s be (-1)/((-9)/(-6))*(-6)/4. Suppose -2*m - 7*x = -4*x - s, -4*m - 5 = -x. Let j be (-26)/(-8) + 9*m/(-12). Give f(j).
-2
Let r = 124 - 120. Suppose 0*f - 5*g + 1 = r*f, 3*g + 15 = -5*f. Let w(i) = -i**3 - 5*i**2 + 2*i + 5. Give w(f).
29
Let f(i) = i**2 - 6*i + 1. Suppose -105 = -3*w + 8